{"id":6783,"date":"2025-07-12T11:36:19","date_gmt":"2025-07-12T09:36:19","guid":{"rendered":"https:\/\/piecesauto-express.com\/?post_type=product&#038;p=6783"},"modified":"2025-10-04T14:18:25","modified_gmt":"2025-10-04T12:18:25","slug":"retroviseur-interieur-alkar-6106217","status":"publish","type":"product","link":"https:\/\/piecesauto-express.com\/index.php\/product\/retroviseur-interieur-alkar-6106217\/","title":{"rendered":"R\u00e9troviseur int\u00e9rieur Citro\u00ebn &#8211; Peugeot &#8211; Renault"},"content":{"rendered":"<p><img decoding=\"async\" class=\"\" src=\"https:\/\/www.piecesautos.tn\/static\/equipementier_pics\/150X150\/150X150Alkar.svg\" width=\"109\" height=\"23\" \/><\/p>\n<ul>\n<li><strong>REFERENCE <\/strong>: 6106217<\/li>\n<li><strong>FABRICANT<\/strong> : ALKAR<\/li>\n<li><strong>CITRO\u00cbN OEM<\/strong> : 814842<\/li>\n<li><strong>PEUGEOT OEM<\/strong> : 814842<\/li>\n<li><strong>RENAULT OEM<\/strong> : 7701349373<\/li>\n<\/ul>\n<p>&nbsp;<\/p>\n","protected":false},"excerpt":{"rendered":"<p><img decoding=\"async\" class=\"\" src=\"https:\/\/www.piecesautos.tn\/static\/equipementier_pics\/150X150\/150X150Alkar.svg\" width=\"109\" height=\"23\" \/><\/p>\n<p><strong>Compatibilit\u00e9<\/strong> : Peugeot , Citroen , Renault , Dacia , Fiat , Nisan , Opel , Toyota<\/p>\n","protected":false},"featured_media":8372,"comment_status":"closed","ping_status":"closed","template":"","meta":[],"product_cat":[220,380],"product_tag":[519],"class_list":{"0":"post-6783","1":"product","2":"type-product","3":"status-publish","4":"has-post-thumbnail","6":"product_brand-citroen","7":"product_brand-dacia","8":"product_brand-fiat","9":"product_brand-nissan","10":"product_brand-opel","11":"product_brand-peugeot","12":"product_brand-renault","13":"product_cat-carosserie","14":"product_cat-retroviseur","15":"product_tag-retroviseur","16":"pa_car-engine-1-0","17":"pa_car-engine-1-1","18":"pa_car-engine-1-2","19":"pa_car-engine-1-3","20":"pa_car-engine-1-4","21":"pa_car-engine-1-4-d","22":"pa_car-engine-1-5-d","23":"pa_car-engine-1-6","24":"pa_car-engine-1-6-hdi","25":"pa_car-engine-1-8","26":"pa_car-engine-1-8-d","27":"pa_car-engine-1-9-d","28":"pa_car-engine-2-0-hdi","29":"pa_car-makes-peugeot","30":"pa_car-model-106-i-08-1991-04-1996","31":"pa_car-model-106-ii-04-1996-03-2001","32":"pa_car-model-205-i-02-1983-10-1987","33":"pa_car-model-205-ii-01-1987-12-2000","34":"pa_car-model-206-2","35":"pa_car-model-206-sedan","36":"pa_car-model-543","37":"pa_car-model-305-i-10-1977-09-1982","38":"pa_car-model-305-i-break-10-1977-09-1982","39":"pa_car-model-305-ii-10-1982-07-1990","40":"pa_car-model-305-ii-break-10-1982-07-1990","41":"pa_car-model-306-berline-7b-n3-n5-04-1993-10-2003","42":"pa_car-model-306-break-7e-n3-n5-06-1994-12-2002","43":"pa_car-model-531","44":"pa_car-model-306-decapotable-7d-n3-n5-01-1994-04-2002","45":"pa_car-model-309-i-10-1985-12-1989","46":"pa_car-model-309-ii-07-1989-12-1993","47":"pa_car-model-532","48":"pa_car-model-405-i-break-15e-06-198708-1992","49":"pa_car-model-405-ii-4b-01-199212-1999","50":"pa_car-model-405-ii-break-4e-08-199210-1998","51":"pa_car-model-740","52":"pa_car-model-406-break-8e-8f","53":"pa_car-model-406-coupe-8c","54":"pa_car-model-505-berline-05-1979-10-1996","55":"pa_car-model-505-break-03-1982-11-1995","56":"pa_car-model-743","57":"pa_car-model-expert-i-10-1995-11-2003","58":"pa_car-model-expert-ii-12-2003-12-2006","59":"pa_car-model-partner-m49","60":"pa_car-model-partner-m59-11-2002-12-2015","61":"pa_car-year-623","62":"pa_car-year-624","63":"pa_car-year-625","64":"pa_car-year-626","65":"pa_car-year-574","66":"pa_car-year-575","67":"pa_car-year-576","68":"pa_car-year-577","69":"pa_car-year-480","70":"pa_car-year-481","71":"pa_car-year-482","72":"pa_car-year-483","73":"pa_car-year-484","74":"pa_car-year-485","75":"pa_car-year-471","76":"pa_car-year-472","77":"pa_car-year-459","78":"pa_car-year-34","79":"pa_car-year-460","80":"pa_car-year-461","81":"pa_car-year-462","82":"pa_car-year-35","83":"pa_car-year-390","84":"pa_car-year-391","85":"pa_car-year-377","86":"pa_car-year-36","87":"pa_car-year-385","88":"pa_car-year-392","89":"pa_car-year-373","90":"pa_car-year-413","91":"pa_car-year-420","92":"pa_car-year-421","93":"pa_car-year-438","94":"pa_car-year-439","95":"pa_car-year-440","96":"pa_car-year-441","97":"pa_car-year-442","98":"pa_car-year-443","99":"pa_car-year-444","101":"first","102":"instock","103":"taxable","104":"shipping-taxable","105":"purchasable","106":"product-type-simple"},"_links":{"self":[{"href":"https:\/\/piecesauto-express.com\/index.php\/wp-json\/wp\/v2\/product\/6783","targetHints":{"allow":["GET"]}}],"collection":[{"href":"https:\/\/piecesauto-express.com\/index.php\/wp-json\/wp\/v2\/product"}],"about":[{"href":"https:\/\/piecesauto-express.com\/index.php\/wp-json\/wp\/v2\/types\/product"}],"replies":[{"embeddable":true,"href":"https:\/\/piecesauto-express.com\/index.php\/wp-json\/wp\/v2\/comments?post=6783"}],"wp:featuredmedia":[{"embeddable":true,"href":"https:\/\/piecesauto-express.com\/index.php\/wp-json\/wp\/v2\/media\/8372"}],"wp:attachment":[{"href":"https:\/\/piecesauto-express.com\/index.php\/wp-json\/wp\/v2\/media?parent=6783"}],"wp:term":[{"taxonomy":"product_cat","embeddable":true,"href":"https:\/\/piecesauto-express.com\/index.php\/wp-json\/wp\/v2\/product_cat?post=6783"},{"taxonomy":"product_tag","embeddable":true,"href":"https:\/\/piecesauto-express.com\/index.php\/wp-json\/wp\/v2\/product_tag?post=6783"}],"curies":[{"name":"wp","href":"https:\/\/api.w.org\/{rel}","templated":true}]}}