{"id":7819,"date":"2025-09-05T16:04:31","date_gmt":"2025-09-05T14:04:31","guid":{"rendered":"https:\/\/piecesauto-express.com\/?post_type=product&#038;p=7819"},"modified":"2025-12-25T12:05:59","modified_gmt":"2025-12-25T11:05:59","slug":"serrure-malle-arriere-renault-kangoo-8200031626","status":"publish","type":"product","link":"https:\/\/piecesauto-express.com\/index.php\/product\/serrure-malle-arriere-renault-kangoo-8200031626\/","title":{"rendered":"Serrure Malle Arri\u00e8re Renault Kangoo 8200031626"},"content":{"rendered":"<p><img decoding=\"async\" class=\"\" src=\"https:\/\/cdn.worldvectorlogo.com\/logos\/renault.svg\" alt=\"Renault Vector Logo - Download Free SVG Icon | Worldvectorlogo\" width=\"39\" height=\"39\" \/><\/p>\n<ul>\n<li><strong>REFERENCE<\/strong> : 8200031626<\/li>\n<li><strong>FABRICANT<\/strong> : ADAPTABLE<\/li>\n<li><strong>RENAULT OEM<\/strong> : 8200031626 , 8200031628<\/li>\n<\/ul>\n","protected":false},"excerpt":{"rendered":"<p><img decoding=\"async\" class=\"\" src=\"https:\/\/cdn.worldvectorlogo.com\/logos\/renault.svg\" alt=\"Renault Vector Logo - Download Free SVG Icon | Worldvectorlogo\" width=\"39\" height=\"39\" \/><\/p>\n<p><strong>Compatibilit\u00e9 <\/strong>:<\/p>\n<ul>\n<li>Renault : Kangoo (KC0\/1_) (08\/1997-&gt;06\/2008)<\/li>\n<li>Renault : Kangoo Express (FC0\/1_) (08\/1997-&gt;06\/2008)<\/li>\n<\/ul>\n<p><strong>Attributs de l&rsquo;article <\/strong>:<\/p>\n<ul>\n<li>C\u00f4t\u00e9 d&rsquo;assemblage : arri\u00e8re<\/li>\n<\/ul>\n","protected":false},"featured_media":7820,"comment_status":"closed","ping_status":"closed","template":"","meta":[],"product_cat":[220,379,508,313],"product_tag":[],"class_list":{"0":"post-7819","1":"product","2":"type-product","3":"status-publish","4":"has-post-thumbnail","6":"product_cat-carosserie","7":"product_cat-coffre-hayon","8":"product_cat-verrouillage","9":"product_cat-serrure-de-porte","10":"pa_car-engine-1-2","11":"pa_car-engine-1-2-16v","12":"pa_car-engine-1-4","13":"pa_car-engine-1-4-16v","14":"pa_car-engine-1-5-dci","15":"pa_car-engine-1-6","16":"pa_car-engine-1-6-16v","17":"pa_car-engine-1-9-d","18":"pa_car-engine-1-9-dci","19":"pa_car-engine-1-9-dti","20":"pa_car-makes-renault","21":"pa_car-model-kangoo","22":"pa_car-year-462","23":"pa_car-year-35","24":"pa_car-year-390","25":"pa_car-year-391","26":"pa_car-year-377","27":"pa_car-year-385","28":"pa_car-year-392","29":"pa_car-year-373","30":"pa_car-year-413","31":"pa_car-year-420","32":"pa_car-year-421","34":"first","35":"instock","36":"taxable","37":"shipping-taxable","38":"purchasable","39":"product-type-simple"},"_links":{"self":[{"href":"https:\/\/piecesauto-express.com\/index.php\/wp-json\/wp\/v2\/product\/7819","targetHints":{"allow":["GET"]}}],"collection":[{"href":"https:\/\/piecesauto-express.com\/index.php\/wp-json\/wp\/v2\/product"}],"about":[{"href":"https:\/\/piecesauto-express.com\/index.php\/wp-json\/wp\/v2\/types\/product"}],"replies":[{"embeddable":true,"href":"https:\/\/piecesauto-express.com\/index.php\/wp-json\/wp\/v2\/comments?post=7819"}],"wp:featuredmedia":[{"embeddable":true,"href":"https:\/\/piecesauto-express.com\/index.php\/wp-json\/wp\/v2\/media\/7820"}],"wp:attachment":[{"href":"https:\/\/piecesauto-express.com\/index.php\/wp-json\/wp\/v2\/media?parent=7819"}],"wp:term":[{"taxonomy":"product_cat","embeddable":true,"href":"https:\/\/piecesauto-express.com\/index.php\/wp-json\/wp\/v2\/product_cat?post=7819"},{"taxonomy":"product_tag","embeddable":true,"href":"https:\/\/piecesauto-express.com\/index.php\/wp-json\/wp\/v2\/product_tag?post=7819"}],"curies":[{"name":"wp","href":"https:\/\/api.w.org\/{rel}","templated":true}]}}