{"id":9158,"date":"2025-11-28T18:16:17","date_gmt":"2025-11-28T17:16:17","guid":{"rendered":"https:\/\/piecesauto-express.com\/?post_type=product&#038;p=9158"},"modified":"2025-11-28T18:16:17","modified_gmt":"2025-11-28T17:16:17","slug":"calandre-renault-19-1992-2001","status":"publish","type":"product","link":"https:\/\/piecesauto-express.com\/index.php\/product\/calandre-renault-19-1992-2001\/","title":{"rendered":"Calandre Renault 19 (1992->2001)"},"content":{"rendered":"<p><img decoding=\"async\" class=\"\" src=\"https:\/\/www.piecesautos.tn\/static\/equipementier_pics\/150X150\/150X150d466ec17301e6288.jpeg\" width=\"113\" height=\"24\" \/><\/p>\n<ul>\n<li><strong>REFERENCE<\/strong> : REN0919001<\/li>\n<li><strong>FABRICANT<\/strong>\u00a0: EUROBUMP<\/li>\n<li><strong>RENAULT OEM<\/strong> : 7701367117<\/li>\n<\/ul>\n","protected":false},"excerpt":{"rendered":"<p><img decoding=\"async\" class=\"\" src=\"https:\/\/www.piecesautos.tn\/static\/equipementier_pics\/150X150\/150X150d466ec17301e6288.jpeg\" width=\"113\" height=\"24\" \/><\/p>\n<p><strong>Compatibilit\u00e9<\/strong>\u00a0:<\/p>\n<ul>\n<li>Renault : 19 II (B\/C\/L53_) (04\/1992-&gt;06\/2001)<\/li>\n<li>Renault : 19 II Cabriolet (D53_, 853_) (04\/1992-&gt;06\/2001)<\/li>\n<\/ul>\n<p><strong>Attributs de l\u2019article<\/strong>\u00a0:<\/p>\n<ul>\n<li>C\u00f4t\u00e9 d\u2019assemblage : avant<\/li>\n<li>Travaill\u00e9 m\u00e9caniquement : avec trou(s) pour embl\u00e8me<\/li>\n<li>Couleur : noir<\/li>\n<\/ul>\n<p>&nbsp;<\/p>\n<p>&nbsp;<\/p>\n","protected":false},"featured_media":9159,"comment_status":"closed","ping_status":"closed","template":"","meta":[],"product_cat":[220,937],"product_tag":[938],"class_list":{"0":"post-9158","1":"product","2":"type-product","3":"status-publish","4":"has-post-thumbnail","6":"product_brand-renault","7":"product_cat-carosserie","8":"product_cat-calandre","9":"product_tag-calandre","10":"pa_car-engine-1-2","11":"pa_car-engine-1-4","12":"pa_car-engine-1-7","13":"pa_car-engine-1-8","14":"pa_car-engine-1-8-16v","15":"pa_car-engine-1-9-d","16":"pa_car-engine-1-9-dt","17":"pa_car-makes-renault","18":"pa_car-model-r19-ii","19":"pa_car-model-r19-ii-cabriolet-d53_-853_-04-1992-06-2001","20":"pa_car-year-472","21":"pa_car-year-459","22":"pa_car-year-34","23":"pa_car-year-460","24":"pa_car-year-461","25":"pa_car-year-462","26":"pa_car-year-35","27":"pa_car-year-390","28":"pa_car-year-391","29":"pa_car-year-377","31":"first","32":"instock","33":"taxable","34":"shipping-taxable","35":"purchasable","36":"product-type-simple"},"_links":{"self":[{"href":"https:\/\/piecesauto-express.com\/index.php\/wp-json\/wp\/v2\/product\/9158","targetHints":{"allow":["GET"]}}],"collection":[{"href":"https:\/\/piecesauto-express.com\/index.php\/wp-json\/wp\/v2\/product"}],"about":[{"href":"https:\/\/piecesauto-express.com\/index.php\/wp-json\/wp\/v2\/types\/product"}],"replies":[{"embeddable":true,"href":"https:\/\/piecesauto-express.com\/index.php\/wp-json\/wp\/v2\/comments?post=9158"}],"wp:featuredmedia":[{"embeddable":true,"href":"https:\/\/piecesauto-express.com\/index.php\/wp-json\/wp\/v2\/media\/9159"}],"wp:attachment":[{"href":"https:\/\/piecesauto-express.com\/index.php\/wp-json\/wp\/v2\/media?parent=9158"}],"wp:term":[{"taxonomy":"product_cat","embeddable":true,"href":"https:\/\/piecesauto-express.com\/index.php\/wp-json\/wp\/v2\/product_cat?post=9158"},{"taxonomy":"product_tag","embeddable":true,"href":"https:\/\/piecesauto-express.com\/index.php\/wp-json\/wp\/v2\/product_tag?post=9158"}],"curies":[{"name":"wp","href":"https:\/\/api.w.org\/{rel}","templated":true}]}}