{"id":9266,"date":"2025-12-04T12:39:12","date_gmt":"2025-12-04T11:39:12","guid":{"rendered":"https:\/\/piecesauto-express.com\/?post_type=product&#038;p=9266"},"modified":"2025-12-04T12:56:25","modified_gmt":"2025-12-04T11:56:25","slug":"poignet-male-arriere-exterieur-renault-trafic-1980-2001","status":"publish","type":"product","link":"https:\/\/piecesauto-express.com\/index.php\/product\/poignet-male-arriere-exterieur-renault-trafic-1980-2001\/","title":{"rendered":"Poignet Male Arri\u00e8re Ext\u00e9rieur Renault Trafic (1980->2001)"},"content":{"rendered":"<p><img decoding=\"async\" class=\"\" src=\"https:\/\/www.piecesautos.tn\/static\/equipementier_pics\/150X150\/150X150018a68b8ffb16641.jpeg\" width=\"50\" height=\"49\" \/><\/p>\n<ul>\n<li><strong>REFERENCE<\/strong> : 125441<\/li>\n<li><strong>FABRICANT<\/strong> : TRICLO<\/li>\n<li><strong>RENAULT OEM<\/strong> : 7700763450<\/li>\n<\/ul>\n<p>&nbsp;<\/p>\n","protected":false},"excerpt":{"rendered":"<p><img decoding=\"async\" class=\"\" src=\"https:\/\/www.piecesautos.tn\/static\/equipementier_pics\/150X150\/150X150018a68b8ffb16641.jpeg\" width=\"50\" height=\"49\" \/><\/p>\n<p><strong>Compatibilit\u00e9<\/strong> :<\/p>\n<ul>\n<li>Renault : Trafic I (03\/1980-&gt;03\/2001)<\/li>\n<\/ul>\n<p><strong>Attributs de l&rsquo;article<\/strong> :<\/p>\n<ul>\n<li>C\u00f4t\u00e9 d&rsquo;assemblage : ext\u00e9rieur , arri\u00e8re<\/li>\n<li>Verrouillage : avec m\u00e9canisme<\/li>\n<li>Nombre de portes : 2 portes battantes<\/li>\n<li>Couleur :\u00a0noir<\/li>\n<\/ul>\n","protected":false},"featured_media":9267,"comment_status":"closed","ping_status":"closed","template":"","meta":[],"product_cat":[220,916,993],"product_tag":[994],"class_list":{"0":"post-9266","1":"product","2":"type-product","3":"status-publish","4":"has-post-thumbnail","6":"product_brand-nissan","7":"product_brand-renault","8":"product_cat-carosserie","9":"product_cat-accessoires-exterieur","10":"product_cat-poignet-de-porte","11":"product_tag-poignet-de-porte","12":"pa_car-engine-1-4","13":"pa_car-engine-1-7","14":"pa_car-engine-1-9-d","15":"pa_car-engine-2-0","16":"pa_car-engine-2-1-d","17":"pa_car-engine-2-2","18":"pa_car-engine-2-2-4x4","19":"pa_car-engine-2-5-d","20":"pa_car-makes-renault","21":"pa_car-model-trafic","22":"pa_car-model-trafic-i-txx-txw-pxx-03-1989-03-2001","23":"pa_car-year-626","24":"pa_car-year-574","25":"pa_car-year-575","26":"pa_car-year-576","27":"pa_car-year-577","28":"pa_car-year-480","29":"pa_car-year-481","30":"pa_car-year-482","31":"pa_car-year-483","32":"pa_car-year-484","33":"pa_car-year-485","34":"pa_car-year-471","35":"pa_car-year-472","36":"pa_car-year-459","37":"pa_car-year-34","38":"pa_car-year-460","39":"pa_car-year-461","40":"pa_car-year-462","41":"pa_car-year-35","42":"pa_car-year-390","43":"pa_car-year-391","44":"pa_car-year-377","46":"first","47":"instock","48":"taxable","49":"shipping-taxable","50":"purchasable","51":"product-type-simple"},"_links":{"self":[{"href":"https:\/\/piecesauto-express.com\/index.php\/wp-json\/wp\/v2\/product\/9266","targetHints":{"allow":["GET"]}}],"collection":[{"href":"https:\/\/piecesauto-express.com\/index.php\/wp-json\/wp\/v2\/product"}],"about":[{"href":"https:\/\/piecesauto-express.com\/index.php\/wp-json\/wp\/v2\/types\/product"}],"replies":[{"embeddable":true,"href":"https:\/\/piecesauto-express.com\/index.php\/wp-json\/wp\/v2\/comments?post=9266"}],"wp:featuredmedia":[{"embeddable":true,"href":"https:\/\/piecesauto-express.com\/index.php\/wp-json\/wp\/v2\/media\/9267"}],"wp:attachment":[{"href":"https:\/\/piecesauto-express.com\/index.php\/wp-json\/wp\/v2\/media?parent=9266"}],"wp:term":[{"taxonomy":"product_cat","embeddable":true,"href":"https:\/\/piecesauto-express.com\/index.php\/wp-json\/wp\/v2\/product_cat?post=9266"},{"taxonomy":"product_tag","embeddable":true,"href":"https:\/\/piecesauto-express.com\/index.php\/wp-json\/wp\/v2\/product_tag?post=9266"}],"curies":[{"name":"wp","href":"https:\/\/api.w.org\/{rel}","templated":true}]}}