{"id":9678,"date":"2025-12-25T18:07:28","date_gmt":"2025-12-25T17:07:28","guid":{"rendered":"https:\/\/piecesauto-express.com\/?post_type=product&#038;p=9678"},"modified":"2025-12-25T18:07:29","modified_gmt":"2025-12-25T17:07:29","slug":"revetement-avant-renault-megane-ii-2002-2010-8200137494","status":"publish","type":"product","link":"https:\/\/piecesauto-express.com\/index.php\/product\/revetement-avant-renault-megane-ii-2002-2010-8200137494\/","title":{"rendered":"Rev\u00eatement Avant Renault Megane II (2002->2010) 8200137494"},"content":{"rendered":"<p><img decoding=\"async\" class=\"\" src=\"https:\/\/www.piecesautos.tn\/static\/equipementier_pics\/150X150\/150X150PRASCO.png\" width=\"105\" height=\"24\" \/><\/p>\n<ul>\n<li><strong>REFERENCE\u00a0<\/strong>: RN4203201<\/li>\n<li><strong>FABRICANT<\/strong>\u00a0: PRASCO<\/li>\n<li><strong>PEUGEOT OEM\u00a0<\/strong>: 8200137494<\/li>\n<\/ul>\n<p>&nbsp;<\/p>\n<p>&nbsp;<\/p>\n<p>&nbsp;<\/p>\n<p>&nbsp;<\/p>\n","protected":false},"excerpt":{"rendered":"<p><img decoding=\"async\" class=\"\" src=\"https:\/\/www.piecesautos.tn\/static\/equipementier_pics\/150X150\/150X150PRASCO.png\" width=\"105\" height=\"24\" \/><\/p>\n<p><strong>Compatibilit\u00e9<\/strong> :<\/p>\n<ul>\n<li>Renault : Megane II (BM0\/1_, CM0\/1_) (09\/2002-&lt;06\/2009)<\/li>\n<li>Renault : Megane II A trois volumes (LM0\/1_) (08\/2003-&gt;2010)<\/li>\n<li>Renault : Megane II Break (KM0\/1_) (08\/2003-&gt;07\/2009)<\/li>\n<li>Renault : Megane II Cabriolet (EM0\/1_) (09\/2003-&gt;03\/2010)<\/li>\n<\/ul>\n<p><strong>Attributs de l&rsquo;article<\/strong> :<\/p>\n<ul>\n<li>C\u00f4t\u00e9 d&rsquo;assemblage : sup\u00e9rieur<\/li>\n<li>Section : partie centrale<\/li>\n<li>Mat\u00e9riel : mati\u00e8re plastique<\/li>\n<li>Mat\u00e9riel du t\u00f4le : support de serrure<\/li>\n<\/ul>\n<p>&nbsp;<\/p>\n","protected":false},"featured_media":9679,"comment_status":"open","ping_status":"closed","template":"","meta":[],"product_cat":[220,1004,584],"product_tag":[1010],"class_list":{"0":"post-9678","1":"product","2":"type-product","3":"status-publish","4":"has-post-thumbnail","6":"product_brand-renault","7":"product_cat-carosserie","8":"product_cat-revetement-avant","9":"product_cat-traverse","10":"product_tag-armature","11":"pa_car-engine-1-4","12":"pa_car-engine-1-4-16v","13":"pa_car-engine-1-5-dci","14":"pa_car-engine-1-6","15":"pa_car-engine-1-6-16v","16":"pa_car-engine-1-6-16v-hi-flex","17":"pa_car-engine-1-6-flex-fuel","18":"pa_car-engine-1-9-dci","19":"pa_car-engine-2-0","20":"pa_car-engine-2-0-16v","21":"pa_car-engine-2-0-16v-turbo","22":"pa_car-engine-2-0-dci","23":"pa_car-engine-2-0-renault-sport","24":"pa_car-makes-renault","25":"pa_car-model-megane-ii-break-km0-1_-08-2003-08-2012","26":"pa_car-model-megane-ii-coupe-cabriolet-em0-1_","27":"pa_car-model-megane-ii","28":"pa_car-model-megane-ii-a-trois-volumes-lm0-1_-08-2003","29":"pa_car-year-36","30":"pa_car-year-385","31":"pa_car-year-392","32":"pa_car-year-373","33":"pa_car-year-413","34":"pa_car-year-420","35":"pa_car-year-421","36":"pa_car-year-438","37":"pa_car-year-439","39":"first","40":"instock","41":"taxable","42":"shipping-taxable","43":"purchasable","44":"product-type-simple"},"_links":{"self":[{"href":"https:\/\/piecesauto-express.com\/index.php\/wp-json\/wp\/v2\/product\/9678","targetHints":{"allow":["GET"]}}],"collection":[{"href":"https:\/\/piecesauto-express.com\/index.php\/wp-json\/wp\/v2\/product"}],"about":[{"href":"https:\/\/piecesauto-express.com\/index.php\/wp-json\/wp\/v2\/types\/product"}],"replies":[{"embeddable":true,"href":"https:\/\/piecesauto-express.com\/index.php\/wp-json\/wp\/v2\/comments?post=9678"}],"wp:featuredmedia":[{"embeddable":true,"href":"https:\/\/piecesauto-express.com\/index.php\/wp-json\/wp\/v2\/media\/9679"}],"wp:attachment":[{"href":"https:\/\/piecesauto-express.com\/index.php\/wp-json\/wp\/v2\/media?parent=9678"}],"wp:term":[{"taxonomy":"product_cat","embeddable":true,"href":"https:\/\/piecesauto-express.com\/index.php\/wp-json\/wp\/v2\/product_cat?post=9678"},{"taxonomy":"product_tag","embeddable":true,"href":"https:\/\/piecesauto-express.com\/index.php\/wp-json\/wp\/v2\/product_tag?post=9678"}],"curies":[{"name":"wp","href":"https:\/\/api.w.org\/{rel}","templated":true}]}}